 in base 7?
-11436
What is 41331 (base 5) in base 6?
20324
Convert -228 (base 9) to base 8.
-274
What is 11185 (base 9) in base 11?
5661
Convert -10432 (base 8) to base 9.
-6004
-55711 (base 8) to base 12
-11721
1010110000000 (base 2) to base 4
1112000
Convert -1565 (base 13) to base 10.
-3125
1200111 (base 3) to base 12
864
What is 6017 (base 8) in base 5?
44322
2022000 (base 3) to base 2
11010001010
Convert 198 (base 13) to base 6.
1210
What is 2117 (base 15) in base 6?
52221
Convert -63560 (base 7) to base 16.
-3d6a
What is 4021 (base 6) in base 16?
36d
Convert -2295 (base 13) to base 7.
-20103
78a (base 14) to base 10
1494
-9c80 (base 14) to base 3
-1101020221
2203 (base 6) to base 16
1fb
Convert -12302 (base 5) to base 16.
-3b8
16847 (base 12) to base 4
13320313
What is -56362 (base 7) in base 3?
-201112221
1123313 (base 4) to base 14
21dd
Convert -305326 (base 7) to base 11.
-36329
Convert -179 (base 15) to base 6.
-1323
-203002 (base 4) to base 15
-9e7
Convert -10210332 (base 4) to base 9.
-27643
-1056 (base 13) to base 7
-6420
Convert b5c (base 14) to base 15.
9e3
-122 (base 11) to base 16
-91
What is -31ab (base 12) in base 8?
-12523
-110126 (base 7) to base 10
-19277
What is -10777 (base 15) in base 11?
-36337
What is 31fd (base 16) in base 3?
122112222
-3022 (base 4) to base 14
-106
Convert -405640 (base 7) to base 8.
-207221
-11333 (base 6) to base 9
-2223
1000110000011100 (base 2) to base 16
8c1c
20040 (base 7) to base 11
36a1
What is -1241323 (base 5) in base 13?
-b265
What is -1dd7 (base 15) in base 16?
-1966
What is -9ab1 (base 13) in base 11?
-15263
Convert 417 (base 10) to base 16.
1a1
What is -48 (base 14) in base 11?
-59
What is -189 (base 12) in base 13?
-162
342522 (base 6) to base 10
29138
1b0 (base 14) to base 11
299
25c (base 15) to base 2
1000011001
What is 4243 (base 8) in base 11?
1730
-471 (base 12) to base 16
-295
What is -100101001111011 (base 2) in base 10?
-19067
Convert -10243 (base 5) to base 16.
-2ba
11203 (base 4) to base 7
1015
What is -1100000101 (base 2) in base 10?
-773
1363 (base 8) to base 2
1011110011
1001011000000 (base 2) to base 14
1a6c
Convert -15b20 (base 12) to base 10.
-30984
Convert 60c (base 15) to base 3.
1212110
-1ab (base 12) to base 14
-159
Convert -1010011101100 (base 2) to base 14.
-1d48
-102101222 (base 3) to base 15
-26e5
What is -95 (base 15) in base 6?
-352
What is 2454 (base 8) in base 7?
3601
Convert -6003 (base 8) to base 10.
-3075
Convert 4e9b (base 15) to base 9.
25032
-11000101001111 (base 2) to base 13
-5990
-122021 (base 3) to base 16
-1d2
-120112 (base 3) to base 10
-419
Convert -144402 (base 5) to base 6.
-44455
What is -1810 (base 14) in base 6?
-32010
2604 (base 9) to base 4
132130
-4980 (base 12) to base 16
-2070
Convert -17150 (base 11) to base 16.
-5e46
What is -1320 (base 7) in base 13?
-2ca
Convert 101011110 (base 2) to base 11.
299
508 (base 14) to base 13
5b0
Convert 100010111 (base 2) to base 15.
139
Convert -100200 (base 4) to base 8.
-2040
What is 3284 (base 13) in base 14?
27c9
What is 101001000 (base 2) in base 7?
646
Convert -133 (base 10) to base 7.
-250
What is 1010010101 (base 2) in base 14?
353
Convert 110101000000100 (base 2) to base 7.
142061
Convert -1003 (base 10) to base 3.
-1101011
-134 (base 5) to base 3
-1122
-1210000110 (base 3) to base 11
-24332
Convert 687a (base 14) to base 13.
8345
Convert -25544 (base 6) to base 2.
-111100101000
What is -945 (base 11) in base 7?
-3214
Convert 202 (base 9) to base 2.
10100100
124d (base 15) to base 8
7472
What is -4a13 (base 13) in base 4?
-2203332
-218 (base 13) to base 3
-111022
-1100020122 (base 3) to base 15
-7c68
Convert 10111111 (base 2) to base 12.
13b
10211 (base 3) to base 5
403
-5ba (base 15) to base 13
-790
42520 (base 7) to base 6
120501
21101110 (base 3) to base 15
18e0
Convert 5128 (base 9) to base 7.
13640
What is -136b (base 14) in base 7?
-12664
Convert 13228 (base 10) to base 8.
31654
31101001 (base 4) to base 9
82474
What is 1077 (base 15) in base 2?
110110011111
What is 232311 (base 6) in base 5?
1114422
-5e48 (base 16) to base 8
-57110
Convert 699 (base 14) to base 16.
51f
-11232 (base 5) to base 8
-1461
Convert 113523 (base 6) to base 16.
26bb
Convert 21310 (base 4) to base 11.
521
Convert -132456 (base 7) to base 12.
-12519
4ef (base 16) to base 3
1201210
5344 (base 6) to base 3
1200001
3d2 (base 14) to base 13
475
What is 1a45 (base 12) in base 13?
160a
What is 2c26 (base 13) in base 8?
14466
512 (base 8) to base 13
1c5
-260455 (base 7) to base 12
-23b14
Convert -9b6e (base 15) to base 4.
-20002322
-2545 (base 8) to base 12
-971
Convert -283 (base 11) to base 6.
-1313
What is 4304 (base 7) in base 14?
7ab
31141 (base 5) to base 6
13250
3405 (base 6) to base 14
40d
143 (base 10) to base 6
355
Convert -100101000101000 (base 2) to base 13.
-8844
Convert -131535 (base 6) to base 14.
-4591
-1414224 (base 6) to base 8
-234210
Convert 132 (base 5) to base 3.
1120
Convert -277 (base 15) to base 13.
-343
-170f (base 16) to base 2
-1011100001111
Convert -37f4 (base 16) to base 8.
-33764
Convert -226452 (base 7) to base 14.
-10b99
Convert -11a3a (base 13) to base 5.
-2014442
What is -20646 (base 7) in base 10?
-5130
Convert 1162 (base 8) to base 6.
2522
Convert 239 (base 13) to base 7.
1061
680b (base 16) to base 2
110100000001011
What is -10520 (base 7) in base 13?
-1298
3354 (base 7) to base 12
853
1ed (base 16) to base 5
3433
What is 318 (base 12) in base 2?
111000100
-215046 (base 7) to base 6
-450500
What is -133 (base 8) in base 11?
-83
Convert -11111220 (base 3) to base 11.
-2522
Convert -362 (base 10) to base 14.
-1bc
-2212220 (base 3) to base 12
-1273
1082 (base 12) to base 5
24301
What is 6551 (base 14) in base 7?
102031
What is 332244 (base 5) in base 9?
16780
-201 (base 4) to base 7
-45
What is -120200120 (base 3) in base 13?
-5289
Convert 3024 (base 7) to base 14.
54b
Convert -14012 (base 5) to base 11.
-93a
b8e (base 16) to base 13
1467
What is -a9a (base 16) in base 13?
-130a
Convert -14252 (base 7) to base 8.
-7504
Convert 672 (base 11) to base 5.
11210
Convert 4392 (base 10) to base 8.
10450
What is -67b4 (base 13) in base 2?
-11100010110000
2438 (base 10) to base 9
3308
What is -b33c (base 13) in base 12?
-12385
What is -431 (base 6) in base 13?
-c7
111201001 (base 3) to base 6
114131
What is -2a10 (base 12) in base 6?
-34420
Convert -512 (base 6) to base 2.
-10111100
-22130 (base 5) to base 6
-11044
Convert 3166 (base 10) to base 13.
1597
What is 42166 (base 7) in base 11?
7893
-279 (base 13) to base 7
-1164
What is 20220 (base 3) in base 6?
510
3541 (base 9) to base 5
41004
What is -1f2 (base 16) in base 14?
-278
What is -21006 (base 8) in base 16?
-2206
413 (base 5) to base 8
154
-16b (base 12) to base 3
-22102
What is 112221000 (base 3) in base 7?
43503
What is 1209 (base 14) in base 11?
23aa
Convert 21302 (base 4) to base 12.
442
Convert -2354b (base 12) to base 5.
-3004220
What is 315122 (base 6) in base 11?
18393
-44041 (base 6) to base 7
-23464
-aa (base 16) to base 13
-101
Convert 86d (base 15) to base 11.
1480
What is 21112 (base 4) in base 7?
1513
2432 (base 5) to base 12
267
7a2 (base 14) to base 8
2752
What is 4dc (base 15) in base 5?
13412
What is -1802 (base 9) in base 11?
-1044
What is 45632 (base 7) in base 2?
10110101110100
What is 22030 (base 4) in base 3?
220011
What is 10423 (base 6) in base 12?
a13
What is -12424 (base 5) in base 15?
-45e
What is -2806 (base 12) in base 3?
-20022220
What is 322 (base 8) in base 2?
11010010
51560 (base 8) to base 10
21360
What is -121 (base 16) in base 9?
-351
What is 1216 (base 16) in base 8?
11026
What is 1b3 (base 12) in base 10?
279
What is 835b (base 16) in base 6?
415403
Convert 101011111110 (base 2) to base 5.
42224
Convert 2000100 (base 3) to base 2.
10110111011
What is 130414 (base 5) in base 4?
1033311
What is -398 (base 14) in base 6?
-3202
What is 1166 (base 10) in base 15?
52b
What is 199 (base 15) in base 4?
11301
Convert -5da9 (base 14) to base 12.
-9601
Convert -184 (base 11) to base 13.
-135
Convert -22002 (base 3) to base 4.
-3122
Convert -403333 (base 6) to base 4.
-13302021
Convert 33684 (base 10) to base 15.
9ea9
Convert -632a (base 11) to base 2.
-10000010111101
What is 3236 (base 11) in base 2?
